- 14. Let g be x(-5). Let v = 24 - g. Suppose 3*p - 81 - v = j, 0 = p - 3*j - 28. List the prime factors of p.
2, 7
Suppose 30264 = x - i, -i + 52582 + 98726 = 5*x. What are the prime factors of x?
2, 15131
Let f be 20/(-50) + (-82)/(-5). Let t(j) = 2*j**2 - 7*j + 120. What are the prime factors of t(f)?
2, 5, 13
Suppose -33*b = -25*b + 50*b - 218602. List the prime factors of b.
3769
Let p(h) = -22*h + 3. Let s be p(-6). Suppose 2*j - 7*j - s = 0. What are the prime factors of ((-2)/3 + -1)*j?
3, 5
Let q(p) = 1536*p - 1249. List the prime factors of q(4).
5, 11, 89
Let y be 16/(-6) - 1/3. Let s be y/(-5) - (501/(-15) + 2). Suppose -s*x + 31 = -31*x. List the prime factors of x.
31
Suppose 12 = 7*d - d. Suppose 14 = d*s + 5*s. Suppose -85 = -q + s*i, 0*q + 5*i - 188 = -2*q. List the prime factors of q.
89
Suppose 0 = 196*t - 185*t + 33. Suppose 5*v - 2*x - 16 = 15, -5*v - x = -22. List the prime factors of v - (5 - 126 - t).
3, 41
Let j(t) = t**3 + 10*t**2 + 13*t + 7. Let v be j(-7). Let h = 135 - v. Let p = h - -3. What are the prime factors of p?
3, 5
Let h = 85 - 81. Let q be 19542/h*(26 + -20). What are the prime factors of q/189 - (-2)/(-21)?
5, 31
Suppose -8*s + 5*s = -3*y + 90144, 2*y - 60091 = s. List the prime factors of y.
13, 2311
Let a = -820 + 833. Suppose -41*u + 53514 = a*u. List the prime factors of u.
991
Let k(u) = -39*u - 2 - 6 - u + 20. What are the prime factors of k(-10)?
2, 103
Let z(u) be the third derivative of u**6/120 - u**5/10 - 5*u**4/6 - 11*u**3/6 - 9*u**2. Let f be z(9). Suppose -s + 4 = -f. What are the prime factors of s?
2, 7
Let t(l) = l**2 + 8*l - 50. Let k be t(-13). Suppose -165 = -5*f + k. What are the prime factors of f?
2, 3
Suppose -3*z + 20 = -13. Let t(p) = -9*p + 22. Let y(i) = 29*i - 68. Let u(n) = -7*t(n) - 2*y(n). List the prime factors of u(z).
37
Let y be ((-8)/(-6))/((-2)/3) + 65. Suppose 10*w + y = 23. List the prime factors of 8/(-6)*6/w - -42.
2, 11
Let x = 568 - -176. Suppose 105*i - 102*i = x. List the prime factors of i.
2, 31
Suppose w - 27408 = -2*j, -j = -5*w - 21369 + 7676. List the prime factors of j.
71, 193
Suppose 27*j - 35*j + 240 = 0. Suppose -2008 = 26*y - j*y. List the prime factors of y.
2, 251
Let k be 80/6*(-3)/(-2). Let i(x) = -5*x + 8 - 3*x + k*x + 7*x**2. List the prime factors of i(-5).
3, 41
List the prime factors of (-3)/((-105)/440174) - ((-7)/(-5) - 1).
2, 3, 131
Suppose 29*x + 59125 = 40*x. Suppose 11*m = 2*v + 7*m - 2164, x = 5*v - 3*m. List the prime factors of v.
2, 67
Suppose 185 = -21*s + 17. Let f(c) = 9*c - 2. Let y(p) = -p. Let q(w) = -f(w) + 4*y(w). What are the prime factors of q(s)?
2, 53
Let l be (8/(-5))/((-1)/5). Let t(s) = 4*s**2 - 11*s + 16. Let n be t(l). Let x = n - 110. List the prime factors of x.
2, 37
Let y(t) = 252*t - 12. Let h be y(13). Suppose 107*f = 113*f - h. What are the prime factors of f?
2, 17
Let r(p) = -p**2 - 49*p - 67. Let d be r(-20). List the prime factors of 0 + (d*-4)/(-6).
2, 3, 19
Suppose w - 80*k = -83*k + 30335, w - 30351 = k. List the prime factors of w.
30347
Let n be -4 + 4/2 + 3417. What are the prime factors of (-5)/(25/n)*(5 - 6)?
683
Let c(a) = 8*a**2. Let u be c(-1). Suppose -4 + u = 2*z. Suppose -2*s + 72 = z*s + t, -3*t + 29 = s. What are the prime factors of s?
17
Let k(t) = 233*t**2 + 601*t - 5445. What are the prime factors of k(9)?
3, 7, 13, 23
Suppose 0 = k + 5*f + 25, f + 0*f + 5 = -5*k. Suppose 3*p + 2 + 4 = 0, k = -n - 2*p + 332. List the prime factors of n.
2, 3, 7
Suppose -56 - 186 = -11*t. Let c = t - 12. Let b(n) = 10*n - 44. List the prime factors of b(c).
2, 7
Let w = -59 - -88. Suppose 4*h + 11600 = w*h. List the prime factors of h.
2, 29
Let m(f) = -200*f + 545. Let t be m(5). Let k(i) = -2*i**2 - 7*i + 4. Let w be k(8). Let o = w - t. List the prime factors of o.
5, 11
Suppose 7*f + 410 = 9*f. Let z = 576 - f. What are the prime factors of z?
7, 53
Suppose -19194 = -2*d + 3*w + 25336, -3*w = -4*d + 89078. What are the prime factors of d?
2, 7, 37, 43
Let i = -132 - -349. Let q = 427 - i. List the prime factors of q.
2, 3, 5, 7
Let j(t) = 399*t**2 - 179*t + 3. What are the prime factors of j(10)?
38113
Suppose 5*i - 5*a - 18 = 7, -5*i + a = -29. Suppose -r + 342 = -5*g, -g - 362 = -i*r + 5*r. List the prime factors of r.
367
Let p(w) = -w**3 + 24*w**2 + 28*w - 34. Let x be p(25). Let t = x - 38. Suppose -3*f - 3*s = -711, t*s + 310 = f + 93. What are the prime factors of f?
2, 29
Let o = 118691 + -81706. List the prime factors of o.
5, 13, 569
Let w(j) = 4339*j + 2708. List the prime factors of w(7).
3, 11027
Let w(y) = 4*y**2 - 3*y + 1. Let i be w(1). Let l be ((-3)/(-2))/(i/4). Suppose -2*p = -l*p + 49. What are the prime factors of p?
7
Suppose 0 = 5*c + 8 + 42. Let t = c + 10. List the prime factors of (-90 - 11 - (t + 0))*-1.
101
Suppose 5*k + 1 = -x, 4*k + 10 = -3*x - 4. Let z = 26 - -7. Let c = x + z. What are the prime factors of c?
3
List the prime factors of 989 + -7 + 25/15*3.
3, 7, 47
Let c = 53 + -48. Let h(w) be the first derivative of w**2/2 + 4*w - 3. What are the prime factors of h(c)?
3
Let h(q) = 2 + 53*q - 142*q + 16. Let n be h(-7). Suppose 6*f - n = 19. What are the prime factors of f?
2, 5, 11
Let w(n) = 3*n**2 + 5*n - 13. Let l be w(2). What are the prime factors of (-720)/l*184/(-20)?
2, 23
Let y be ((-5)/((-20)/(-12)) - -17)/2. Suppose y*l - 284 = 129. What are the prime factors of l?
59
Let q = 829 - 501. Let h = 917 - q. What are the prime factors of h?
19, 31
Let b(f) = 65*f**2 - 68*f + 390. What are the prime factors of b(12)?
2, 3, 1489
Let k(h) be the third derivative of -7*h**4/12 - 7*h**3/2 - 41*h**2. List the prime factors of k(-16).
7, 29
Suppose 3*v + 4*w - 1386 = 0, 5*w - 1 = -16. Suppose 3*n = 2*k - v, -226 = -33*k + 32*k - 2*n. List the prime factors of k.
2, 5, 23
Let d(h) = 8*h**2 - 69*h + 2070. List the prime factors of d(-50).
2, 5, 11, 29
Let z = 4364 - 1688. Let a = z + -1535. What are the prime factors of a?
7, 163
Let w = 73455 - 11788. What are the prime factors of w?
61667
Let p = 377 + -272. Suppose 4255 = 110*c - p*c. List the prime factors of c.
23, 37
Let p(x) = -5*x**3 - 2*x - 2. Let s be p(-1). Suppose k - s*k + 2140 = 0. Suppose 3*o - 5*d = o + 325, -2*d = 3*o - k. List the prime factors of o.
5, 7
Let q(h) = 4*h**2 + 3*h + 12. Let i be q(-12). Suppose -i = -2*x - r - 3*r, 0 = 3*x + 4*r - 820. What are the prime factors of x?
2, 67
Let i(q) = -q**3 + 11*q**2 - 8*q - 20. Let j be i(10). Suppose j = 5*y + 2*p + 32, 0 = 3*y - p + 18 - 1. List the prime factors of ((-8)/(-3))/(y/(-477)).
2, 53
Let y = 246 + -135. Suppose y*s - 118*s + 7700 = 0. List the prime factors of s.
2, 5, 11
Suppose 4*t + d - 49060 = 0, 3*t + 2*d = 31280 + 5510. List the prime factors of t.
2, 6133
List the prime factors of (6329/(-3))/(20/12 + -2).
6329
Suppose -38*b + 41*b - 2*i - 153415 = 0, 0 = -2*b - 2*i + 102300. What are the prime factors of b?
199, 257
Let l(x) = 4*x**3 + 26*x**2 + 9*x - 70. Let n(c) = c**3 - c**2 - 2. Let k(p) = l(p) - 3*n(p). List the prime factors of k(-28).
2, 3, 13
Suppose 3*z = o - 32235, 0 = 2*o - 4*z + 7202 - 71666. List the prime factors of o.
2, 3, 41, 131
What are the prime factors of -79 + 80 - (-5818)/2?
2, 3, 5, 97
Let o(q) = -946*q + 2421. List the prime factors of o(-36).
3, 7, 193
Let m = 66719 - 25652. What are the prime factors of m?
3, 13
Let u(n) = 4*n - 1. Let j(z) = -z - 18. Let g be j(-21). Let w be u(g). Let d(k) = -k**3 + 13*k**2 - 11*k + 15. List the prime factors of d(w).
2, 17
Let x(n) = n - 1. Let z be x(5). Suppose 4*w - 784 = -4*b, 0*w - 181 = -w + z*b. List the prime factors of w.
193
Let a(c) = -32*c + 19. Let y be (-338)/4 + 5*2/20. Let r = -89 - y. List the prime factors of a(r).
179
Let h(v) = 5*v**3 + 23*v**2 + 28*v + 26. Let i(s) = 4*s**3 + 22*s**2 + 27*s + 27. Let u(d) = -3*h(d) + 4*i(d). List the prime factors of u(-16).
2, 3, 23
Suppose 3*g - g - 4 = 0. Suppose 2 = -4*v - g. Let f(s) = -28*s**3 - s. List the prime factors of f(v).
29
Suppose 14166 = 3*g + 8*v, 0 = -g - 135*v + 138*v + 4773. What are the prime factors of g?
2, 3, 7, 113
Suppose -42*m + 18*m + 1274784 = 0. List the prime factors of m.
2, 7, 271
Suppose -35 = -3*a - 4*b, -2*a + 0*a - 2*b + 24 = 0. Let t = -34 + a. What are the prime f